 of p(-1)?
2
Suppose -8*p + 26 = -7*p. Let h = p + -24. What is the tens digit of 32/8*9/h?
1
Suppose -2*u + 476 = -5*p - 10373, 6*u - 3*p - 32511 = 0. What is the hundreds digit of u?
4
Let i(l) = 18*l - 6. Let g be i(-1). What is the units digit of ((-3750)/g)/(1/4)?
5
Suppose 5*v + 4*q - 63181 - 2501 = 0, 0 = 3*q - 9. What is the tens digit of v/42 - (-2)/7?
1
Suppose 9*t - 2 - 16 = 0. Suppose -o = w - 4*w - 16, -4*o - t*w = 6. Let k(q) = 64*q - 3. What is the units digit of k(o)?
1
Let l = -9621 - -11422. What is the tens digit of l?
0
Suppose 65 - 167 = 3*z. Suppose -4*u - 94 = -5*u - 2*d, -4*d = -12. Let v = u - z. What is the units digit of v?
2
Let n = -1694 + 2521. What is the hundreds digit of n?
8
Let t = 4957 + -4125. What is the tens digit of t?
3
Let x be ((-9)/(-4))/((-2)/(-8)). Let d be (1443/x)/(4/(-12)). What is the units digit of ((-16)/6)/(-4) - d/39?
3
Let b(q) be the first derivative of q**2 - 27*q - 17. Let t be b(13). What is the units digit of (642/4 - (-3)/(-6)) + t?
9
Let r = -1266 + 10505. What is the tens digit of r?
3
Let k(h) be the second derivative of h**4/3 - 5*h**3/6 - 75*h**2/2 + 16*h - 3. What is the units digit of k(-16)?
9
Let t = -2379 - -3207. What is the tens digit of t?
2
Let w be (-3 - -1)*9/(-6). Suppose -c + w = -t, -3*c = -2*t - 5 - 2. What is the units digit of (32/(-10))/t*35?
6
Let a(b) = 11*b**2 + 10*b + 67. Let o(m) = m + 3. Let z(x) = a(x) - 4*o(x). What is the tens digit of z(8)?
0
Let a = -940 + -409. Let o = 1978 + a. What is the tens digit of o?
2
Let q = -302 + 640. Let t = -309 + q. What is the units digit of t?
9
Suppose 0 = -8*n - 177 - 455. Let s = n + 459. Suppose -85 = -5*m + s. What is the units digit of m?
3
Suppose 308*n - 20 = 304*n, -k + 39926 = -3*n. What is the ten thousands digit of k?
3
Let y = 129 + -115. Suppose -2535 = -y*b + b. What is the hundreds digit of b?
1
Let y(f) = 5*f**3 - 8*f**2 + 6*f. Let k be y(6). Suppose 18*c + k = 30*c. What is the units digit of c?
9
Suppose -20*c + 3 = -17*c. Let b be c*4 - 593*(5 - 6). Suppose 3*r + 3*p - b = 0, -r - p = -4*p - 183. What is the units digit of r?
5
What is the hundreds digit of 3*32/24 - (-5 - 171530)/5?
3
Let i = -33 - -36. Suppose 0 = -3*u + 4*k - 98, i*k = 2*u - 3*u - 11. Let z = 31 + u. What is the units digit of z?
5
Suppose 2*d = -268*s + 269*s - 51959, 5*s - 259837 = -4*d. What is the units digit of s?
5
Suppose 5*y - 2*b = 4*y + 27, -y + 36 = b. Suppose -u = 3*m - 19, -3*u = m - 0*m - y. Let c = 23 - u. What is the units digit of c?
3
Let m(g) = -g**3 + 2*g**2 - 1. Let v(x) = -34*x**2 + 29*x + 2. Let j(t) = m(t) + v(t). What is the hundreds digit of j(-34)?
3
Suppose -3*m = -891 - 360. Let g = 754 - m. What is the units digit of g?
7
Let y = -393 - -393. Suppose y*s + 5*s = 9130. What is the units digit of s?
6
Let w be ((-15)/12)/((-9)/4 - -2). Suppose 21*d + w*j = 22*d - 786, 2319 = 3*d - 2*j. What is the units digit of d?
1
Suppose 0 = -3*n - 3*n - 96. Let x = 14 + n. Let i = 5 + x. What is the units digit of i?
3
Let i(m) be the second derivative of -m - 1/20*m**5 + 0 - 33/2*m**2 + 4/3*m**3 - 2/3*m**4. What is the tens digit of i(-10)?
8
Let k(n) = n**2 + 5*n + 1. Let p be k(9). Let u = 178 - p. What is the tens digit of (0 + -5)/((-3)/u)?
8
Suppose 0 = -3*b - 3*t + 51, 5*b - 2*b - 67 = t. Suppose 20*z + 415 = b*z. What is the hundreds digit of z?
4
Let b(j) be the third derivative of 13*j**5/20 + j**4/24 + 5*j**3/6 - 267*j**2. What is the units digit of b(-3)?
3
Let x = 1 + 4. What is the units digit of 254/2*3/(3/x)?
5
Let a = -304 - -289. What is the hundreds digit of a*7/21 - -1162?
1
Suppose 0 = 3*k + j + 23 - 290, 0 = 2*k + 3*j - 164. What is the tens digit of k?
9
Suppose 4*s - 653 = -2*h + 145, -4*h = 4. Let a = s - -213. What is the units digit of a?
3
Let m = -1144 - -1734. Suppose 1559 = 7*q - m. What is the units digit of q?
7
Let v(u) be the third derivative of 0 + 1/2*u**3 + 0*u - 2*u**2 - 1/8*u**4. What is the tens digit of v(-4)?
1
Let j(f) = 4528*f + 1078. What is the tens digit of j(5)?
1
What is the units digit of (-56 + (-36)/(-6))*5571/(-18)?
5
Let g = 23042 + -5464. What is the thousands digit of g?
7
Suppose 2*x - 2*q = -14*q + 612, 4 = -2*q. What is the units digit of x?
8
Suppose 3*b = -2*s - 1740, 3*b + s - 6*s + 1740 = 0. Let c = b - -1617. What is the units digit of c?
7
Let s(j) = -28*j**3 + 3*j**2 - 2*j - 32. Let i be s(-6). Suppose -12195 - i = -23*u. What is the hundreds digit of u?
7
Suppose p + 2*b = 1, 0*p - b + 5 = 2*p. Suppose 4*l = 3*d - 11, l + 12 = 4*d - p*l. What is the units digit of 0 - (d + -3) - -35*2?
2
Let z be ((-14)/4)/(-7)*38. Let a(d) = -d**3 - d**2 + 7*d + 6. Let l be a(3). Let v = z - l. What is the units digit of v?
8
Suppose 5*j + 3*n = -35, 5*j - 4*n = -23 - 47. What is the hundreds digit of 827*5/j*-2?
8
Let s(m) be the third derivative of -11*m**5/24 - m**4/24 - m**3/2 + 4*m**2. Let k(w) be the first derivative of s(w). What is the units digit of k(-1)?
4
What is the hundreds digit of 2696580/2954*(12/2)/((-2)/(-7))?
1
Let h(t) = -34*t - 20. Let n(w) = 11*w + 7. Suppose -2*y = -0*y + 22. Let c(a) = y*n(a) - 4*h(a). What is the units digit of c(1)?
8
Let d(n) = -3*n + n**2 + 9*n + 9 + 4*n. Let v be d(-7). What is the hundreds digit of (4/v)/(4/(-1356))?
1
Suppose -128 = -2*p - 4*b, -5*p = 2*b - 218 - 126. Suppose 6*c + 22 - p = 0. Suppose 232 = c*q - 4*q. What is the tens digit of q?
5
Let b = 5153 - -4529. What is the units digit of b?
2
Let m(y) = -4*y - 10. Let l be m(-3). What is the hundreds digit of l/31 - (-275319)/837?
3
Let f(r) = 151*r**2 + 3*r + 182. What is the tens digit of f(-8)?
2
Let d(y) be the first derivative of y**3/3 - y**2/2 - 22*y - 88. What is the tens digit of d(-21)?
4
Let g be (5/1)/((18/(-258))/(-3)). Suppose -5*s - g = -5*x + 305, 4*x + 4*s = 408. What is the hundreds digit of x?
1
Suppose 0 = -4*a + 183*h - 186*h + 218586, -30 = -5*h. What is the thousands digit of a?
4
Let h(n) = 6*n - 15. Let g be h(3). Suppose -m = -g*b - 38, 2*b - 102 = -3*m + 5*b. Let t = m + 57. What is the units digit of t?
9
Suppose 2*p + 2*n + 4 = 0, -n = -3*p - 5*n - 10. Suppose -4*r - p*g + 1986 = -3*g, -3*r = 4*g - 1499. What is the units digit of r?
7
Let q be 16/2 + -4 + -2. Suppose -3*t = q*j - 244, -j + 2*t + 3*t = -96. What is the units digit of j?
6
Let o = -176 + 433. Let n = 321 - o. What is the tens digit of n?
6
Let v(d) = -10*d**2 + d + 26. Let w be v(-6). Let l = 578 + w. What is the tens digit of l?
3
Suppose 983 - 234 = f + v, -2*f + 4*v + 1516 = 0. Suppose -11*l + 15*l - f = 0. Suppose -3*g - 5 + l = 0. What is the tens digit of g?
6
Suppose -3*f + 918 = -2*x - 423, -f - 2*x + 447 = 0. Let v = f + 17. What is the units digit of v?
4
Let q = 7832 + -5404. Let a = 3421 - q. What is the units digit of a?
3
Let q(g) = g**2 - 22*g - 198. Let i be q(-7). Suppose -h + 0*y - y + 1815 = 0, -i*y + 1803 = h. What is the tens digit of h?
1
Let s(u) = -u**2 + 24*u - 16. Suppose 7*o = 12*o - 3*o. Suppose 11*v - 7*v - 88 = o. What is the units digit of s(v)?
8
Let w be 4/10 - 1236/15. Suppose 18*r = 788 - 968. Let b = r - w. What is the units digit of b?
2
Let j(o) = -8*o + 287*o + 15 + 349*o. What is the hundreds digit of j(1)?
6
Let p = -14259 - -19192. What is the units digit of p?
3
Suppose 0 = 207*m - 210*m + 3*j + 90162, -5*m = 5*j - 150200. What is the tens digit of m?
4
Let t(x) = x**3 + 36*x**2 - 37*x + 1. Let j be t(-37). What is the hundreds digit of (15/(-10))/(j/(-2)) + 1615?
6
Let z = 59520 + -42006. What is the thousands digit of z?
7
Let w = -116 - -116. Suppose -2*b + 6*b - 3*i + 48 = w, b + 3*i = -27. Let j(g) = g**3 + 16*g**2 + 9*g - 14. What is the tens digit of j(b)?
7
Let l be (9 - 3) + (-20352)/16. Let i = -818 - l. What is the hundreds digit of i?
4
Suppose 2*u - 24 = 4. Let d = 58 - u. Suppose -3*x = 9, -b + d = 2*x + 16. What is the tens digit of b?
3
Let c = -1204 - -1719. Suppose -16*f - c = -3*t - 11*f, 2*t = -3*f + 375. What is the tens digit of t?
8
Let t be (485/15)/(5/30). Suppose -41 = 17*y - t. What is the units digit of y?
9
Suppose 5*d = -4*w + 278678, 4*w - 6*d - 278652 = 2*d. What is the tens digit of w?
6
Let p be (-3 - -6)*(0 + -1)*-1. Suppose 2*w - 507 = p*s - 4*s, -w + 508 = s. What is the units